hat is the greatest common divisor of y and j?
13
Suppose -5*f + 21 = -29. Let z be 4/(-20) - (-42)/f. Let t be 2 + z/2*1. Calculate the highest common divisor of 12 and t.
4
Let x = -7 - -13. Calculate the highest common divisor of 12 and x.
6
Let r(b) = 5*b**2 + b - 3. Let u be r(4). Let z(j) = j**2 + 6*j - 1. Let p be z(-9). Let c = u - p. What is the highest common factor of 11 and c?
11
Let l be (-217)/(-3) - (-4)/6. Suppose 3*s - s + 110 = 5*g, -2*g - 5*s + l = 0. Calculate the highest common divisor of g and 24.
24
Let k(x) = x**3 + 8*x**2 + 7*x + 2. Let p be k(-7). Suppose -2*m = 3*m + 5, 21 = p*s - m. Calculate the greatest common divisor of 40 and s.
10
Let s(t) = -t**2 + 5*t + 2. Let f be s(5). Let k = -2 + f. Let i be 25 + 0/(k - -1). What is the highest common factor of i and 5?
5
Let m be 0*(-2)/4 + 4. Suppose 12 = -m*q + 56. Calculate the greatest common factor of 44 and q.
11
Let c = 241 + -381. Let n = c + 250. What is the greatest common factor of n and 10?
10
Let b(v) be the first derivative of -7*v + 1 - 1/2*v**2. Let a be b(-8). What is the highest common factor of a and 5?
1
Suppose -2*m + m - 3*h = 0, 4*m - 5*h - 51 = 0. What is the greatest common divisor of 1 and m?
1
Suppose 12 - 63 = 3*z - 3*a, -2*a + 55 = -3*z. Let h = 66 + z. Calculate the highest common factor of h and 5.
5
Let i = -35 + 67. Let v = i - 20. Calculate the highest common factor of v and 30.
6
Suppose -5*l + 4*t = -313 - 838, 4*l + t - 925 = 0. Calculate the greatest common factor of l and 21.
21
Suppose s = -4*v + 30, s - 1 = v + 9. Calculate the highest common divisor of 56 and s.
14
Suppose -2*p = 6, -4*a + 3*p = 7 - 144. What is the highest common divisor of 4 and a?
4
Suppose -f + 15 + 2 = 0. Calculate the highest common factor of f and 187.
17
Let q = -82 + 174. Let z = q + -62. What is the highest common divisor of 10 and z?
10
Suppose -267 = -3*y - 4*m + 2*m, -4*y + 379 = -5*m. What is the greatest common divisor of y and 7?
7
Suppose -11*h - 84 = -13*h. Let k = -10 + 16. Calculate the highest common factor of k and h.
6
Let l(g) = g**3 - 8*g**2 + 8*g - 4. Let o be l(7). Suppose 264 = -v + o*v. What is the highest common divisor of v and 12?
12
Suppose -20 + 8 = -2*l. Calculate the highest common factor of 6 and l.
6
Let b be (-99)/(-9) - (0 - 1). Let h = 4 + 4. What is the greatest common divisor of h and b?
4
Let g be 0/2 - -1 - -3. Suppose -u = g*u - 55. What is the greatest common factor of 77 and u?
11
Suppose -8*y + 4*y = 0. Suppose 4*m = -y*m + 176. Calculate the greatest common divisor of 4 and m.
4
Suppose 0 = -3*v + 5 + 1. Let h be (42/9 - v)*6. Calculate the greatest common factor of 144 and h.
16
Let w = 6 + 8. Let c = -4 - 2. Let f = -4 - c. Calculate the highest common factor of f and w.
2
Suppose -3*l = -3*a + 48, a = -2*a + 5*l + 44. Let q be -3*(0 + 2)/2. Let w = q + 5. Calculate the highest common factor of w and a.
2
Let s(h) = 3 - 2*h**3 + 3 + h - 2*h**2 - 7. Let q be s(-2). Suppose -5*y = j - 47, -2*j = -q*y - 6*j + 53. Calculate the highest common divisor of 9 and y.
9
Suppose 0*b + 5*b - 60 = 0. Let o = -2 - -3. Suppose y = o + b. What is the greatest common divisor of y and 39?
13
Suppose 0*a + 5*a = 15. Let n = 14 - 10. Suppose w = a*h - 52, 5*h + 11 = n*w + 93. Calculate the highest common factor of 6 and h.
6
Suppose 0 = -5*c + 6*c - 15. Let m = c + -5. What is the greatest common divisor of m and 2?
2
Suppose -5*z + 20 = 5*l - 0*l, 5*z = 2*l + 41. Let k be 1/(-7) - (-6)/(-7). Let w be 1/2*(15 + k). What is the greatest common factor of w and z?
7
Let o(l) = 9*l**2 - 4*l + 6. Let j be o(3). Calculate the greatest common divisor of j and 15.
15
Let y be 5 - 3 - 4/1. Let a(n) = -19*n - 3. Let u be a(y). Suppose 2*d - 3*d = -2*k + 38, 4*d - u = -3*k. Calculate the highest common divisor of k and 17.
17
Suppose -4*i = -0*o + o - 61, 184 = 4*o + i. What is the greatest common divisor of 315 and o?
45
Let q(c) be the first derivative of -9*c**4/4 - c**3/3 - c**2 - c - 2. Let u be q(-1). Let r = 22 - u. Calculate the greatest common factor of 52 and r.
13
Suppose k + k - 6 = 0. Suppose -k = 2*x - 5. Suppose -p - 2*p + 24 = 0. What is the greatest common factor of p and x?
1
Let w = -10 - -52. What is the highest common divisor of 6 and w?
6
Let o be 3*2 + (3 - 6). Suppose 0 = o*p - 14 - 1. Let f be 6 + p + -2 + 0. Calculate the highest common divisor of 6 and f.
3
Let m(d) = -2*d. Let k be m(-9). Let i be (-436)/(-12) - 2/6. What is the greatest common factor of k and i?
18
Suppose 0*r + 341 = a - 5*r, 0 = -3*a + 3*r + 1071. Let f = -250 + a. Suppose -5*j + f = 36. What is the highest common divisor of j and 10?
5
Suppose 0 = c + 4*c - 50. What is the greatest common divisor of 70 and c?
10
Let o(g) = g**3 + 17*g**2 + 10*g. Let v be o(-9). Suppose 5*i - 2*w = v, 2*w - 563 = -5*i - w. Calculate the greatest common divisor of i and 16.
16
Let f(y) = -10*y + 6. Let m be f(-9). Suppose -m = -4*p + p. Let u(s) = 2*s**2 - 6*s. Let l be u(-5). What is the highest common divisor of p and l?
16
Let g be (1 + (-2)/5)*5. Calculate the highest common factor of g and 48.
3
Let z = -39 - -18. Let b = z + 48. Let h be b/(-6)*-2*1. What is the highest common factor of 9 and h?
9
Let p(r) = -5*r - 3. Let j(l) = 2*l + 3. Let b be j(-3). Let m be p(b). Let h be (-3)/(-3) - (1 - 30). Calculate the highest common factor of m and h.
6
Suppose 2*r + 3*q = 9, -5*r + 2*q = 11 - 43. Suppose 0 = -2*l + 17 - 11. What is the greatest common factor of l and r?
3
Let m(h) = -2*h. Suppose -w - 4*w = 0. Suppose n + 2 = 0, 2*x + 0*n + 3*n + 18 = w. Let p be m(x). Calculate the highest common factor of p and 60.
12
Let g be (-1 + -23)*1/(-2). Let p = 653 - 295. Suppose -5*o + 226 = 5*s - 2*s, -o = -5*s + p. Calculate the highest common factor of g and s.
12
Let q(a) = -10*a. Let g(k) = k + 1. Let u(p) = -4*g(p) + q(p). Let h be u(5). Let n = h - -124. What is the highest common factor of n and 10?
10
Suppose 0 = -t + 3*z + 14, 0 = 4*t - 7*t - z + 12. Suppose 0 = -y + t*y - 40. What is the greatest common divisor of y and 90?
10
Let a = 120 + -109. Suppose -z = 3*z - 316. Let x = 178 - z. Calculate the greatest common divisor of x and a.
11
Suppose 0 = -3*a - 0*a + 3. Let g be ((-1)/a)/((-1)/4). Let s be 4*2/g*15. Calculate the greatest common factor of s and 75.
15
Let f = -15 + 30. Let n(m) = m**2 - 12*m + 15. Let y be n(f). Calculate the greatest common divisor of 24 and y.
12
Let d be 6/2*136/6. Let t = d - 48. Calculate the greatest common factor of 100 and t.
20
Suppose 0 = 2*u + 5 - 9. Suppose -3*y - 2*y + i + 85 = 0, u*i + 8 = y. Let m = 29 - 20. Calculate the greatest common divisor of y and m.
9
Suppose 4*b = -n + 209, 0 = 4*n + 6*b - 2*b - 884. Calculate the highest common factor of 90 and n.
45
Suppose v = -v - 4. Let c be 12/(-10)*(v - 8). Let p be ((-1)/(-2))/((-4)/(-144)). Calculate the greatest common factor of c and p.
6
Suppose 4*t + 2*i = 316 + 124, 4*i + 440 = 4*t. Let p = 5 + 1. Suppose p*z = 3*z + 66. What is the greatest common factor of t and z?
22
Let l(j) = -2*j - 12. Let x be l(-6). Let i = 38 + -5. Suppose 4*d - w - i = x, -1 = -d + 3*w + 10. Calculate the greatest common factor of d and 32.
8
Let m = -4 + -2. Let j be ((-2)/m)/(4/96). Calculate the greatest common factor of j and 88.
8
Let w = 112 - 65. Suppose w = 2*k + 11. Let p be -1 - (-1)/((-2)/(-398)). Calculate the highest common factor of p and k.
18
Suppose -6*g - 12 = -3*g, -2*g = -2*m + 14. Suppose -17 = -4*d - 2*x + 13, 0 = 2*x - 6. What is the highest common divisor of m and d?
3
Let r = -574 - -583. Let f(n) = 17*n**3 + n. Let a be -1 - (-3 + (-1 - -2)). Let q be f(a). Calculate the highest common divisor of r and q.
9
Suppose 0 = -4*m - 0*m + p + 44, -52 = -3*m - 4*p. Let y be ((-144)/(-20))/((-2)/(-30)). Calculate the highest common factor of y and m.
12
Let y(f) = 2*f + 3. Suppose 3*z + 4*s = -13, z + 3*s + 3 = -8. Let b be y(z). What is the greatest common factor of b and 5?
5
Let m = -10 - -20. Let k be (-25)/(-1) - (1 - 1). What is the greatest common factor of m and k?
5
Suppose 0*g - 10 = -4*a - 2*g, -9 = -4*a - 3*g. Suppose -z - x + 31 = 0, a*z + 2*x - 65 - 33 = 0. Calculate the highest common divisor of z and 9.
9
Let d(x) be the first derivative of 6